 the hundreds digit of t?
2
Let c(v) = 8*v**2 - v + 6. What is the tens digit of c(3)?
7
Suppose 0 = -4*i - 5*z + 8, -i + 6*z + 2 = 3*z. Let r = 1 - -4. Suppose -3*u - 261 = -5*m, -4*m + r*m + i*u - 60 = 0. What is the units digit of m?
4
Suppose 2*i - 5*q + 373 - 2201 = 0, 0 = -5*q - 20. What is the units digit of i?
4
Suppose 0 = -6*w + 15 + 3. Suppose 0 = w*l - 2*l - 3, 2*l = -z + 49. What is the units digit of z?
3
Let f = 102 + -100. Suppose -f*d - 2*q + 208 = 0, 2*d + 50 = q + 246. What is the hundreds digit of d?
1
Let v(k) = 157*k**2 + 26*k - 70. What is the units digit of v(3)?
1
Let f be 64/12*6/8. Let s(j) be the third derivative of 5*j**4/24 - 4*j**3/3 + j**2. What is the units digit of s(f)?
2
Suppose -3*v - 108 = -4*c - 8*v, c - 27 = -4*v. What is the tens digit of c?
2
Let q(p) = 3*p - 2 - 2 + 0. Let k be q(3). Suppose k*t - 9*t + 84 = 0. What is the units digit of t?
1
What is the units digit of (-1080)/(-70)*(11 + 45)?
4
Suppose -c = 3*c + 12, -n + 11 = -3*c. Suppose n*x = -4 + 188. What is the units digit of x?
2
Let n = -10 - 5. Let j = n + 20. Suppose 5*w - 235 = l, 3*l + j = 4*l. What is the units digit of w?
8
What is the units digit of (-14)/28 - (1025/(-2) - -4)?
8
Let l(y) = y**3 - 3*y**2 + y + 1. Let n be l(3). Suppose 5*r = n*x + 725, -145 = 3*r - 4*r + 5*x. What is the units digit of r?
5
Let g = -558 + 1286. Suppose 8*l - g = 16. What is the units digit of l?
3
Let d(y) = -41*y**2 - 2*y - 1. Let c be d(-1). Let s = c + 103. What is the units digit of s?
3
Let c be 23 + 2 + 5 + -6. Suppose 4*s + 0*s = c. Suppose 0 = s*x - 55 - 47. What is the units digit of x?
7
Let g = -61 + 42. Let f = 2 - g. What is the units digit of f?
1
Suppose 4*h - 16 = -p, 0 = 3*h - 2*h - 4. Let j = -56 + 61. Suppose -4*l = j*n + 15, -6*l + 5*l - 5 = p. What is the units digit of n?
1
Let g = -1858 - -2746. What is the tens digit of g/16 + 1/2?
5
Let u(m) = m**2 + 28. Suppose 19 = -3*p + 5*b, 0*b = 5*p + b + 41. Let g = -8 - p. What is the tens digit of u(g)?
2
Suppose -l = 7 + 7. What is the units digit of (-665)/l*(-2)/(-5)?
9
Let s = -67 - -159. Suppose -4*g + 0*x + 86 = -2*x, 0 = -3*g - 4*x + s. What is the units digit of g?
4
Let r(l) be the first derivative of l**2/2 - 3*l + 2. Let k be r(-4). What is the units digit of (-2)/k - 220/(-14)?
6
Let s(m) = -m**3 - 4*m**2 + 2*m + 3. Let k(h) = h**3 - 2*h**2 - 4*h - 1. Let v be k(3). Let n = -1 + v. What is the units digit of s(n)?
8
Let r(o) = o**3 + 13*o**2 + o + 15. Let v be r(-13). Suppose -v*l = -2 + 6. What is the tens digit of (l/4)/((-5)/310)?
3
Let z(x) = -5*x + 22. Let i be z(11). Let y = i + 29. What is the tens digit of (-12)/(-16) + (-217)/y?
5
Suppose 10*c = 5*c - 3*b + 57, 0 = -4*c + 2*b + 28. Suppose c*v - 52 = 5*v. What is the units digit of v?
3
Suppose 312 = 4*w - 888. What is the units digit of w?
0
Suppose -v - 2*a = 1532 - 5542, -4*v = a - 16040. What is the units digit of v?
0
Let v = 78 - 29. Suppose -46 = 5*s + v. What is the units digit of s/(-3)*(-6 + 9)?
9
Suppose -24*p = -15*p - 25641. What is the hundreds digit of p?
8
Let c = 4911 - 2394. What is the tens digit of c?
1
Let m(q) = q - 4. Let b be m(4). Suppose -4*f + b*t = -t + 11, 3*t + 3 = 0. What is the units digit of 0 - (-3)/f - -30?
9
Suppose -23*a = -26*a + 2*u + 2725, -4*a = -2*u - 3634. What is the units digit of a?
9
Let k = -626 - -1424. What is the hundreds digit of k?
7
Suppose -l = 2*r - 160, -4*r - 3*l + 388 - 70 = 0. Suppose r = g - 160. What is the tens digit of g?
4
Let j(t) = t - 6. Let d be j(0). Let o(h) = -h**2 - 9*h - 7. Let x be o(d). Suppose -2*n + n = -x. What is the units digit of n?
1
Let p = -15 - -19. Suppose -89 - 27 = -p*x. What is the tens digit of x?
2
Let h = 90 + 38. Suppose -2*f - i = i - h, 4*f - 2*i - 256 = 0. Suppose -14*y = -12*y - f. What is the tens digit of y?
3
Suppose -b + 750 = -5*i + 2*b, 4*i = -5*b - 600. Let a = i + 213. What is the units digit of a?
3
Let n(i) = -6*i + 5. Let z be n(-5). Suppose t = -3*y - 24, 4*t + 38 = -2*y + 32. Let d = y + z. What is the tens digit of d?
2
Let p = -2378 - -4434. What is the tens digit of p?
5
Let n = -41 + 144. Suppose y - 275 = -n. What is the tens digit of y?
7
Let k(r) = r + 1. Let m(u) = -3. Let p(j) = 2*k(j) + m(j). Let t be p(2). What is the units digit of 108/(-3)*(-1)/t?
2
Let p = 29 + -24. Suppose -160 = -13*c + p*c. Suppose -2*s + 6*s - c = 0. What is the units digit of s?
5
Suppose 24*c = 26*c - 856. Suppose l + 5*j + 565 = 6*l, -4*l + c = 2*j. What is the units digit of l?
9
Let k(t) = t**2 - 7*t - 3. Let r be k(8). Suppose -c + 56 = -r*c. What is the units digit of (-388)/c - (-4)/14?
8
Let l be (2/6)/((-3)/108*-4). What is the hundreds digit of (8*39)/l - 3?
1
Let i(r) = -r**2 + 2*r + 6. Let j be 176/(-10) + (-3)/(-5). Let w = j - -17. What is the units digit of i(w)?
6
Let v(t) = -6*t + 123. What is the units digit of v(-24)?
7
Let l(q) = -7*q**2 - 1. Let p be l(-1). Let r = -4 - p. What is the units digit of r - (4/(-2) + -10)?
6
Suppose 5*p = -2*y + 50, -14 = -5*p - 3*y + 41. Let b = 11 - p. Suppose 0*o = b*o - 72. What is the tens digit of o?
2
Suppose -93*s + 14*s = -219778. What is the units digit of s?
2
Let a = -729 + 1252. What is the units digit of a?
3
Let f(n) = n**2 - 13*n - 9. What is the tens digit of f(-13)?
2
What is the tens digit of (3*4)/((-24)/(-1812))?
0
Suppose 0 = 4*l + 103 - 387. What is the tens digit of l?
7
Let u = 10 + -8. Suppose u*c = -16 + 190. What is the units digit of c?
7
Let s(q) = q**2 - 2*q + 25. Let f(h) = h**3 + 3*h**2 + 3*h - 2. Let c be f(-3). What is the hundreds digit of s(c)?
1
Suppose 0*i = i + 2*i. Suppose -2*v + 0*v - 6 = i, -v = 4*b - 257. What is the units digit of b?
5
Suppose 4*d = -2*d + 366. Suppose -2*p + 3*n = -324 + d, p + n - 139 = 0. What is the hundreds digit of p?
1
Let i = 131 + -64. What is the units digit of i?
7
Suppose 302 = l - 423. What is the tens digit of l?
2
Let t(q) = 2*q**2 - 14*q + 3. Let h be t(17). Suppose 0 = 10*l - h - 687. What is the hundreds digit of l?
1
Let n = -376 + 2106. What is the tens digit of n?
3
Let n(f) = -5*f**2 + 42*f - 79. Let s be n(2). Let m be -9*((-20)/(-6))/(-1). What is the units digit of 3 + s/5 + m?
0
Let c(n) = 6*n**2 - 4*n - 214. What is the units digit of c(-11)?
6
Suppose 2*g = -3*w + 8, 4*w = -g + 2*g + 7. Suppose -4*o + 102 = w*u, 0*u + 2*u - 3*o - 116 = 0. What is the tens digit of u?
5
Suppose 0*n + 5*n - 42 = 3*u, -28 = -4*n + u. Let s be (3/n)/(2/(-48)). Let h = 13 - s. What is the tens digit of h?
2
Let g(b) = -30*b**3 + 5*b**2 - 11*b + 5. What is the units digit of g(-4)?
9
What is the hundreds digit of (36/42)/(18/51996)?
4
Suppose -2*g + n + 13 = 0, -3*g = -n - 7 - 10. Suppose g*m + 0*m - 244 = 0. What is the units digit of m?
1
Let c be 4942/42 + 2/6. Let q = 214 - c. What is the tens digit of q?
9
Suppose 3*b = -2*z + 4588, z - 1215 = -b + 1080. What is the hundreds digit of z?
2
Suppose -5*k + 2171 = -764. What is the hundreds digit of k?
5
Let v(y) = -2*y**3 - y**2 + y + 100. What is the units digit of v(0)?
0
Let y = 82 - 37. Suppose -i = 4*i - y. What is the units digit of ((-12)/(-10))/(i/60)?
8
Let a(n) = -n**3 - 36*n**2 + 36*n + 29. What is the tens digit of a(-38)?
4
Let m(p) = -4*p + p - 8*p + p**2 - 9. Let g(x) = 5*x**2 + 5*x + 3. Let t be g(-2). What is the units digit of m(t)?
7
What is the hundreds digit of ((14*-5)/(-5))/((-2)/(-93))?
6
Let o(f) be the third derivative of f**7/1680 - f**6/240 - f**5/60 + 3*f**2. Let t(x) be the third derivative of o(x). What is the units digit of t(2)?
3
Suppose 9*m - 2598 + 969 = 0. What is the units digit of m?
1
Suppose -5*w - 4*c + 15 = -2*w, -3 = 3*w - 2*c. Suppose 23*d = 15*d + 96. What is the units digit of 105/d - w/(-4)?
9
Let a = -52 - -63. Suppose 274 = -9*c + a*c. What is the tens digit of c?
3
Suppose -394 = -l - 5*v + 452, -2*l - 3*v = -1692. What is the hundreds digit of l?
8
Let u(v) = v**2 + 10*v + 12. Let b be u(-6). Let o be b/(-9) - (-70)/15. What is the units digit of 232/o - (-10)/30?
9
Let z(d) be the second derivative of -d**5/20 - 5*d**4/6 - 5*d**3/3 + 6*d**2 + 34*d. Suppose -y + 3*r - 6 = 9, 5*y + 51 = 3*r. What is the tens digit of z(y)?
2
Suppose 2*c + 7 = 19. Suppose -4*o - c = -j + 3, 0 = -5*o - 5. Suppose 0 